ed thousands digit of 502235?
5
What is the millions digit of 1448324?
1
What is the ten thousands digit of 34055626?
5
What is the units digit of 6386587?
7
What is the tens digit of 247767?
6
What is the units digit of 1035807?
7
What is the thousands digit of 34449?
4
What is the hundreds digit of 2700066?
0
What is the tens digit of 1135761?
6
What is the tens digit of 2480372?
7
What is the hundreds digit of 1894210?
2
What is the hundreds digit of 4509558?
5
What is the units digit of 8006?
6
What is the tens digit of 5269134?
3
What is the hundreds digit of 117599?
5
What is the hundred thousands digit of 113954?
1
What is the tens digit of 12416860?
6
What is the tens digit of 218993?
9
What is the thousands digit of 29839?
9
What is the units digit of 572677?
7
What is the hundreds digit of 3915292?
2
What is the thousands digit of 44066?
4
What is the hundreds digit of 330390?
3
What is the units digit of 828115?
5
What is the thousands digit of 50399?
0
What is the hundred thousands digit of 129615?
1
What is the thousands digit of 56085?
6
What is the units digit of 3116984?
4
What is the millions digit of 3062226?
3
What is the hundreds digit of 243109?
1
What is the thousands digit of 2727226?
7
What is the thousands digit of 2426296?
6
What is the millions digit of 21573527?
1
What is the tens digit of 218747?
4
What is the ten thousands digit of 3856810?
5
What is the tens digit of 3092006?
0
What is the tens digit of 545370?
7
What is the units digit of 3734693?
3
What is the tens digit of 289697?
9
What is the tens digit of 370434?
3
What is the units digit of 31224890?
0
What is the thousands digit of 277252?
7
What is the thousands digit of 296641?
6
What is the tens digit of 5256540?
4
What is the units digit of 5787132?
2
What is the ten thousands digit of 5581049?
8
What is the hundreds digit of 272606?
6
What is the millions digit of 3591606?
3
What is the thousands digit of 2234170?
4
What is the hundreds digit of 2421654?
6
What is the thousands digit of 3955003?
5
What is the hundreds digit of 106571?
5
What is the units digit of 248048?
8
What is the units digit of 433465?
5
What is the units digit of 2547475?
5
What is the ten thousands digit of 1980986?
8
What is the tens digit of 372988?
8
What is the thousands digit of 10486065?
6
What is the ten thousands digit of 338411?
3
What is the hundred thousands digit of 1140293?
1
What is the ten millions digit of 34666426?
3
What is the tens digit of 3055050?
5
What is the hundred thousands digit of 1859405?
8
What is the hundreds digit of 147007?
0
What is the thousands digit of 40224?
0
What is the millions digit of 5720052?
5
What is the ten millions digit of 12454969?
1
What is the hundreds digit of 3042830?
8
What is the units digit of 35958?
8
What is the millions digit of 6673886?
6
What is the tens digit of 110855?
5
What is the units digit of 28459320?
0
What is the ten thousands digit of 294890?
9
What is the units digit of 15680?
0
What is the hundreds digit of 156086?
0
What is the hundreds digit of 1373402?
4
What is the units digit of 23099251?
1
What is the thousands digit of 30217246?
7
What is the hundreds digit of 9324269?
2
What is the thousands digit of 161166?
1
What is the units digit of 792431?
1
What is the millions digit of 5716026?
5
What is the units digit of 2288362?
2
What is the tens digit of 605127?
2
What is the units digit of 2451166?
6
What is the thousands digit of 66809?
6
What is the tens digit of 454624?
2
What is the hundreds digit of 251970?
9
What is the tens digit of 5020813?
1
What is the units digit of 272698?
8
What is the tens digit of 6040888?
8
What is the tens digit of 176296?
9
What is the thousands digit of 38646?
8
What is the hundred thousands digit of 294992?
2
What is the hundred thousands digit of 241736?
2
What is the hundreds digit of 4274148?
1
What is the units digit of 49693?
3
What is the thousands digit of 513483?
3
What is the ten thousands digit of 2385985?
8
What is the thousands digit of 127615?
7
What is the thousands digit of 2311809?
1
What is the units digit of 3352986?
6
What is the thousands digit of 287354?
7
What is the hundred thousands digit of 15224470?
2
What is the hundreds digit of 3056541?
5
What is the ten thousands digit of 281729?
8
What is the hundreds digit of 240670?
6
What is the ten thousands digit of 15048754?
4
What is the hundreds digit of 169926?
9
What is the tens digit of 192888?
8
What is the hundreds digit of 454203?
2
What is the thousands digit of 57849?
7
What is the units digit of 88497?
7
What is the hundreds digit of 1594927?
9
What is the thousands digit of 266330?
6
What is the tens digit of 283026?
2
What is the tens digit of 5338872?
7
What is the ten thousands digit of 8911288?
1
What is the ten thousands digit of 131362?
3
What is the hundred thousands digit of 40780032?
7
What is the ten thousands digit of 946648?
4
What is the thousands digit of 2736450?
6
What is the thousands digit of 5208036?
8
What is the units digit of 85626?
6
What is the hundreds digit of 299942?
9
What is the thousands digit of 4658709?
8
What is the hundred thousands digit of 465400?
4
What is the hundred thousands digit of 4465122?
4
What is the thousands digit of 1012832?
2
What is the tens digit of 603484?
8
What is the ten thousands digit of 1973883?
7
What is the ten thousands digit of 638556?
3
What is the ten thousands digit of 280079?
8
What is the hundred thousands digit of 752362?
7
What is the hundreds digit of 11643562?
5
What is the units digit of 53330?
0
What is the thousands digit of 1230995?
0
What is the hundred thousands digit of 20116261?
1
What is the thousands digit of 27017034?
7
What is the hundred thousands digit of 573073?
5
What is the thousands digit of 6369137?
9
What is the thousands digit of 1628094?
8
What is the hundred thousands digit of 6542135?
5
What is the thousands digit of 984234?
4
What is the units digit of 4138852?
2
What is the hundred thousands digit of 4520883?
5
What is the hundreds digit of 647425?
4
What is the units digit of 54734?
4
What is the thousands digit of 202379?
2
What is the units digit of 598114?
4
What is the ten thousands digit of 258368?
5
What is the hundred thousands digit of 1137187?
1
What is the units digit of 21823?
3
What is the tens digit of 187035?
3
What is the millions digit of 6848672?
6
What is the tens digit of 164975?
7
What is the units digit of 6027158?
8
What is the units digit of 130536?
6
What is the thousands digit of 4675000?
5
What is the units digit of 724574?
4
What is the units digit of 2126637?
7
What is the thousands digit of 9316381?
6
What is the millions digit of 2718510?
2
What is the tens digit of 93640?
4
What is the hundreds digit of 36052?
0
What is the units digit of 264515?
5
What is the hundred thousands digit of 494765?
4
What is the ten thousands digit of 1346796?
4
What is the millions digit of 1478402?
1
What is the tens digit of 117162?
6
What is the ten thousands digit of 23087562?
8
What is the hundred thousands digit of 622025?
6
What is the tens digit of 842655?
5
What is the units digit of 156271?
1
What is the thousands digit of 453724?
3
What is the millions digit of 17413386?
7
What is the units digit of 848079?
9
What is the millions digit of 6276015?
6
What is the units digit of 430711?
1
What is the ten thousands digit of 825421?
2
What is the thousands digit of 8437526?
7
What is the hundreds digit of 681297?
2
What is the hundreds digit of 549003?
0
What is the thousands digit of 1878161?
8
What is the ten thousands digit of 1650355?
5
What is the hundreds digit of 285419?
4
What is the hundreds digit of 70719?
7
What is the thousands digit of 5082990?
2
What is the tens digit of 4560817?
1
What is the units digit of 76063?
3
What is the ten thousands digit of 520557?
2
What is the tens digit of 215662?
6
What is the thousands digit of 5288?
5
What is the thousands digit of 321078?
1
What is the hundreds digit of 77922?
9
What is the ten thousands digit of 250438?
5
What is the hundreds digit of 87909?
9
What is the ten thousands digit of 138290?
3
What is the thousands digit of 684760?
4
What is the thousands digit of 861132?
1
What is the tens digit of 101